er?
False
Suppose -12*g = -7*g - 20. Suppose g*x - 764 = -0*x. Let d = 274 - x. Is d a prime number?
True
Suppose 2*o = 3*j - 3, 0 = 5*j + 5*o - 3*o - 21. Suppose j*v = 4*v - 8. Let g(p) = -p**3 + 8*p**2 + 7*p - 3. Is g(v) a prime number?
True
Is ((-82456)/(-20) - -3) + 6/5 a prime number?
True
Is (-6)/(-8) + ((-199405)/(-20) - -3) prime?
False
Suppose -358217 = -41*x - 0*x. Is x a prime number?
True
Is (-4930 - 21)/(2/(-2)) a prime number?
True
Let h be (2 - 2) + -1 + 7. Let l(u) = -u**3 - u**2 + 3*u. Let c be l(-3). Suppose -c - h = -n. Is n prime?
False
Suppose 0 = 4*g - 3*g. Let c be g - -1 - (-1 + -19). Let s = c - 10. Is s a prime number?
True
Suppose 503 = 2*g + f - 354, 2*g + 4*f = 848. Suppose -4*n + 10 + 2 = 0. Suppose -g = -2*x + 2*c, n*c + 4 = -8. Is x a composite number?
False
Let h(a) = a**3 + 15*a**2 + 4*a - 2. Let q be h(-10). Let j = 765 - q. Is j composite?
False
Let f be ((-40)/(-6))/((-3)/(-9)). Suppose 0 = -4*a - f, 3*a - 9823 = -2*b - 0*a. Is b a prime number?
True
Let u(t) = 24*t**2 + 8*t + 5. Suppose 0 = 2*z - 3*b + 12, -3*z + 4*z + 6 = -3*b. Is u(z) prime?
True
Is 45/180 - (2 + 22678/(-8)) prime?
True
Let o(t) = -t + 1. Let p be o(-3). Suppose -2*q - 44 = -2*s, -4*s - p*q + 101 = s. Is s a composite number?
True
Suppose 0 = 5*c + r + 19, -18 = 2*c + 4*r - r. Let u be (-24)/(-30) + c/(-15). Is (-1)/(1/(-380)) - u a prime number?
True
Let l be (330*-1)/(-1 + -4 + 6). Let n = -181 - l. Is n a composite number?
False
Suppose -6*o + 49 = -17. Is 13029/33 - (-2)/o a prime number?
False
Let n = 0 + 3. Suppose -4*m = -4*b - 3124, -3*m - b + 1158 + 1189 = 0. Suppose n*y - y = m. Is y composite?
True
Let j(f) = -4*f**3 - 40*f**2 - 247*f + 79. Is j(-36) composite?
True
Suppose j = 4*o + 3047 + 3415, -2*j = o - 12915. Is j a composite number?
True
Suppose -13*v = 2*r - 10*v - 28726, 0 = 2*r - 2*v - 28746. Is r a composite number?
False
Let g(d) = 2*d - 6. Let j be g(6). Suppose 0 = -j*i + 2999 + 973. Is i composite?
True
Is ((-4)/2)/(8/(-499300)*5) prime?
False
Let m be 68/12 + 1/3. Let j = m + -3. Suppose -j*n - 5 = -68. Is n prime?
False
Let s = 13 + -13. Suppose s = -5*t + 2*t - 27. Let x = t + 91. Is x composite?
True
Is ((-9489)/(-18))/(-3*2/(-36)) prime?
True
Let o = 109 - -2898. Is o a composite number?
True
Let t be (0 - (-1)/(-2))*-12. Suppose b + 10 = 5*z - b, -3*z + 4*b + t = 0. Suppose 0*o + z*o = 614. Is o prime?
True
Suppose -p + 8*p - 23093 = 0. Is p composite?
False
Suppose -28*l = -24*l - 408. Let y be l/(-14) + (-6)/(-21). Is 10059/y*(-2)/6 prime?
True
Let l be (3 + -7)/4*-3. Suppose -6 = -5*n + 2*n + 5*m, l*m + 10 = 5*n. Suppose n*d + 3*d - 155 = 0. Is d composite?
False
Let n(b) = -218*b**2 + 19*b + 35. Let x(m) = -218*m**2 + 18*m + 35. Let i(c) = 4*n(c) - 5*x(c). Is i(-3) a composite number?
True
Let q(b) = -b**2 + 7*b - 6. Let u be q(5). Suppose -u*o - 162 = -3806. Is o prime?
True
Let l(i) = i**2 + i - 10. Let d be l(-4). Suppose -3*r = 4*o - 2032, d*o + 4*r + 2060 = 6*o. Is o a composite number?
True
Let g(s) = -s - 12 - 17 + 36 + 344*s**2. Is g(2) a prime number?
True
Let x = 296428 - 152817. Is x a composite number?
True
Let m = 675 - -910. Is m a composite number?
True
Suppose -c + 1 = 3*n, -n + 2*c + 3 = c. Let l(k) = 854*k**3 - 1. Is l(n) composite?
False
Let f be 11/3 - (-2)/(-3). Let c = 3274 - 1871. Suppose -4*w = -2*w + 3*v - c, -2821 = -4*w - f*v. Is w a prime number?
True
Let l(d) = 4 + 6*d**3 - 3*d - d**2 - d**3 - 2*d**3. Let g be 2/4*6 + 0. Is l(g) prime?
True
Let t(n) = 36*n**2 - 10*n + 5. Let d be t(4). Is (d/3)/((-2)/(-6)) a composite number?
False
Suppose 11*b - 3984 = 7*b. Let s = 1763 - b. Is s prime?
False
Let y = -23487 + 34733. Is y a prime number?
False
Let x = -6086 - -8673. Suppose 5*r = x + 3478. Is r composite?
False
Suppose -3*s + 12 = -0*s. Suppose -b = 3*x + 6, s*b - 3 = -0*b - 3*x. Suppose -w - w = 5*j - 162, b*j = -2*w + 154. Is w prime?
True
Let p(g) = 9*g**3 - 3*g + 2. Suppose -4*j + 1 = -15. Is p(j) prime?
False
Let a = 74 - 106. Is (-8727)/(-15) - a/(-40) a prime number?
False
Suppose -4*k + 4*j - 43 = -9*k, -2*k + 28 = -2*j. Suppose -106 = -k*p + 367. Is p a composite number?
False
Suppose 3*x - 4*z - 765 = 0, 6*z - 1307 = -5*x + 2*z. Is x a prime number?
False
Let y(l) = -34*l - 5. Let r = -36 - -29. Is y(r) composite?
False
Let m be (-44 + 1)/(4/(-868)). Suppose 5*w + 4661 = p + p, -w - m = -4*p. Is p a composite number?
False
Let s = 1 - -7. Let v(t) = -t + 7. Let c be v(s). Let o(a) = -468*a**3 - a**2. Is o(c) a prime number?
True
Let g be 4/((-5)/((-45725)/(-10))). Let m = g - -5675. Is m prime?
True
Suppose -7*r + 0*r - 1155 = 0. Let u be 79*-1 - (1 - 1). Let f = u - r. Is f a composite number?
True
Let p(k) = 186*k**2 - 14*k - 103. Is p(-10) prime?
True
Let x = 145 - 51. Suppose 6*i - i + 4*k = x, -2*i + 2*k = -34. Let w(t) = -t**2 + 19*t + 17. Is w(i) a prime number?
False
Let m be 4/22 - 6/33. Suppose -v + 0*v = 4*s - 1897, 2*v - 2*s - 3804 = m. Is v a prime number?
True
Suppose 8*x - 779 = 7*x. Suppose 2*r = 5*r + 1566. Let y = r + x. Is y a composite number?
False
Let b = 7709 + 158. Is b a prime number?
True
Suppose 3*v = 5*v - 480. Let h be 8/((-4)/(-1)) + v. Suppose -2*i + z - 6*z = -133, 3*i = z + h. Is i composite?
False
Suppose 5*q = -2*f - 4 - 0, 3*q = 2*f + 4. Is q/1 + (2 - -24) a composite number?
True
Let w = 35 + 11. Let j = w - -175. Is j a composite number?
True
Suppose 3*p + 1070 = 5*z + p, -4*p = -2*z + 444. Suppose 0 = 17*f - 19*f + z. Is f composite?
True
Let d(i) = 224*i - 9. Is d(4) prime?
True
Suppose 4*o - 2050 = 5*y, -5*o + 4*o = 0. Let b = y - -250. Let z = b + 245. Is z a composite number?
True
Suppose -1016 = -5*a - 3*j, -3*a + a + 404 = 2*j. Let n = 660 + a. Is n prime?
False
Let c be (18/21)/(2/28). Let d be (-3)/(-18) - 110/c. Let a = d + 23. Is a a composite number?
True
Let s(x) = x**2 + 2*x + 753. Let z be s(0). Suppose 0 = 3*w - 6*w + z. Is w a composite number?
False
Let v(t) = 18*t**2 - 2*t - 1. Let d(k) = k**2 + 1. Let j(g) = 2*d(g) + v(g). Suppose c + 0 = 2. Is j(c) a prime number?
False
Is (-4323380)/(-140) - (-2)/(-7) a composite number?
False
Suppose -s + 788 = 5*i - 678, 4*i - 1176 = -4*s. Let n be 1*2 + 0 + 0. Is i/(-3 + (n - -2)) a prime number?
True
Let h(i) = -i**3 - 9*i**2 - 13*i + 39. Is h(-16) a composite number?
False
Suppose 0 = 4*f + 3*b - 4175, -3*f = -0*f + b - 3135. Let d = 645 + f. Is d a prime number?
False
Let m = 10267 + -5250. Is m prime?
False
Let b be 41 + (2 - -1)*-1. Let l = 87 - b. Is l a composite number?
True
Let s = 273 - -56. Is s prime?
False
Suppose v - 2*w + 238 = 0, -v + w - 244 = -4*w. Suppose 4*r - 1506 = 5*o, 5*r - 2*o - 2021 + 130 = 0. Let z = r + v. Is z a prime number?
False
Let b be 1 + (-6)/4 - (-2)/4. Suppose 3*y - 2*y - d - 11 = 0, 3*d + 15 = b. Is y a prime number?
False
Let q be 16/(1 + -5) - -541. Suppose y + q = 4*y. Is y a composite number?
False
Let h be 10 + (-4 - -5 - 5). Is (354/18)/(2/h) a prime number?
True
Suppose -8741 = -12*x + 5923. Let j = x - -619. Is j a composite number?
True
Let l be ((-27)/12)/((-9)/12). Suppose a - 176 = 3*r, -l*a = r - 335 - 203. Is a composite?
False
Let n(a) = 13*a - 34. Let k = -24 - -36. Is n(k) a composite number?
True
Is 1603 + 1 + -3 + -30 + 26 a prime number?
True
Let t be 1/3 - (-33)/9. Suppose t = -j + 5. Is 3325/14 + j/(-2) a composite number?
True
Suppose -3*q - 2*t = -3638, -3*q + 0*q + t + 3626 = 0. Suppose -k - 333 = -q. Is k prime?
True
Is 22904 + 1/4 + 663/(-204) prime?
True
Suppose -5*l + 0*y = 4*y - 44, -4*l + 28 = -4*y. Let n(f) be the third derivative of 2*f**5/15 - 7*f**4/24 - 7*f**3/6 - 5*f**2. Is n(l) a composite number?
False
Is (100/175)/((-4)/(-3878)) prime?
False
Suppose -6*d + 3848 = -616. Is d/10 - (-24)/(-60) prime?
False
Let j be 0/(-2 + (-8)/(-2)). Suppose j = -4*q + 10403 + 9241. Is q a composite number?
True
Suppose 9 = 2*h - r - 1, 20 = 4*h - 3*r. Suppose -h*l = -2*j - 1899, 166 = l + 4*j - 227. Is l composite?
True
Let h(x) = 12*x**2 + 10*x - 20. Let k = -10 - -13. Is h(k) a prime number?
False
Let l be 1*3 + (-4 - -10 - 3). Let j = 315 + l. Is j prime?
False
Let s(k) be the second derivative of -k**5/20 - k**4/6 - k**3/6 + 183*k**2/2 - 8*k. Is s(0) a prime number?
False
Let b = 3 + 2. Let r = -5 + 7